. Determine f(n).
-4
Let y(n) = -n + 1. Let b be y(-5). Suppose 3*z - 4*z = -11. Suppose z*s - 25 = b*s. Let t(h) = -h**3 + 6*h**2 - 3*h - 5. Calculate t(s).
5
Let u(h) = -2*h - 1. Let t(l) = -l**3 - 8*l**2 - 1. Let p be t(-8). Let c be u(p). Let j(o) = 4*o**3 + o - 1. Determine j(c).
4
Let v = -22 - -15. Let r(u) = -u**2 - 7*u + 6. What is r(v)?
6
Let h(p) = -p**2 + 3*p - 1. Let l(z) = 3*z**2 - 9*z + 4. Let q(r) = 7*h(r) + 2*l(r). Calculate q(4).
-3
Let u(i) = -i**2 + 1 - i**2 + i**3 + 5 - 4. Give u(2).
2
Let c(g) = 8*g + 1. Let b = -19 + 18. Calculate c(b).
-7
Let f(r) = r**2 - 10 - 16 + 17 - 6*r. Calculate f(8).
7
Let j(p) = 14*p + 6. Let h(r) = 5*r + 2. Let y(z) = 8*h(z) - 3*j(z). Give y(-3).
4
Let a(p) be the third derivative of 5*p**2 - 1/3*p**3 - 1/60*p**5 - 5/24*p**4 + 0*p + 0. Calculate a(-3).
4
Let w(c) = c - 2. Let b(d) = 1. Let g(u) = b(u) + w(u). Let s(v) = 7*v - 1. Let p(l) = -6*g(l) + s(l). Determine p(-4).
1
Let j be 0*(2 + (-1 - 0)). Let h be (-1)/(-3)*j + 6. Let i(m) = -2*m + 6. Determine i(h).
-6
Let z(i) = i**2 + 2*i + 1. Let t(w) = 2*w - 37. Let a be t(17). Give z(a).
4
Let i = 2 - 5. Let k(l) = 3*l**3 + 32*l**2 + 32*l - 8. Let c(u) = u**3 + 11*u**2 + 11*u - 3. Let p(r) = 17*c(r) - 6*k(r). Calculate p(i).
-6
Let i(w) = 2*w**3 + 2*w**2 - 4*w - 1. Let z(h) = -3*h**3 - h**2 + 5*h. Let k be 24/9*(-6)/4. Let m(o) = k*i(o) - 3*z(o). Give m(4).
-8
Let a(p) = -p**2 - 2*p + 4. Let y be (-35)/(-14) + -2 + 18/(-4). What is a(y)?
-4
Let o(k) = 3*k - 2 - k + 1 + k**2. Let p be o(1). Let t(d) = -3*d + 3. What is t(p)?
-3
Let v(k) = k**3 + 8*k**2 - 7*k + 9. Let j(r) = r**3 + 16*r**2 + 2*r + 23. Let g be j(-16). Give v(g).
-9
Let c(y) be the third derivative of 0 + 5/6*y**3 + 1/60*y**5 + 0*y + 3*y**2 - 1/4*y**4. Give c(4).
-3
Suppose v = 2*t + 15, 2*t = 4*v + 27 - 63. Let n(r) = r + r - r - 2 + v. Give n(-4).
1
Let o(t) = -6*t + 15 - 2*t - 5*t + 12*t. Determine o(7).
8
Let r(g) = -g**2 - 10*g - 10. Suppose 127 - 37 = -10*n. Give r(n).
-1
Suppose -4*c - 72 = -96. Let k(m) be the third derivative of -m**5/60 + 7*m**4/24 + m**2. What is k(c)?
6
Let d(v) = -8 - 3*v + 0*v - 2*v**3 + v**2 + v**3 + 4*v. Let x = 1 + -1. Calculate d(x).
-8
Suppose -3*o + 5 - 11 = 0. Let r(w) = -2*w**3 - 2*w**2 - 3*w - 1. Give r(o).
13
Let j(x) be the third derivative of x**4/24 - x**2. Suppose -3 = -v + 3. Let o = v + -4. Calculate j(o).
2
Let q(j) = -2*j - 4*j**3 - 2 - 93*j**2 + 5*j**3 + 93*j**2. Determine q(-2).
-6
Let q(p) = -p**3 - 5*p**2 - 3*p - 1. Let z be (-2 - -3 - 1) + -3. What is q(z)?
-10
Let b(f) = f + 11. Let j(x) = 2*x**3 - 6*x**2 - 2*x - 2. Let u be j(3). Calculate b(u).
3
Let w = 26 - 21. Let r = -1 - -3. Let g(n) = 0*n + 0*n + r*n - 4. Determine g(w).
6
Let u(s) be the first derivative of -s**2 + 4*s - 1/6*s**3 - 2. Let t(k) be the first derivative of u(k). Calculate t(2).
-4
Let t(l) = -3*l**3 - 4*l**2 - 8*l + 13. Let j(s) = -2*s**3 - 2*s**2 - 4*s + 7. Let a(b) = 5*j(b) - 3*t(b). Let v(n) = -15*n + 168. Let m be v(11). What is a(m)?
-1
Let w(i) = i**2 - 7*i - 1. Suppose -5*s - 24 = -s. Let b = -1 - s. Give w(b).
-11
Let q = -2 + 2. Suppose q = j - s + 2, 5*j = -0*j + 3*s. Let m(i) = -2 + i + 5 + j. What is m(-3)?
3
Let n(l) = -l**3 + l**2 + l + 1. Let y(z) = -3*z**3 + 11*z**2 - 4*z - 3. Let g(i) = -2*n(i) + y(i). Determine g(8).
11
Let u(o) = o**2 - 5. Suppose -i = 4*l + 3*i - 32, -4*l + 24 = 2*i. Determine u(l).
11
Let a(m) = 2 + 1 + m**2 - 1. Let h = -28 + 13. Let g be h/(-10) + (-3)/2. Determine a(g).
2
Let o(c) be the first derivative of 5*c**3/3 - 4*c**2 - 3*c + 4. Let u(w) = 9*w**2 - 15*w - 5. Let i(m) = -11*o(m) + 6*u(m). Determine i(-4).
-5
Let x(z) = -z**3 - 9*z**2 - 8*z - 1. Let o be x(-8). Let q(d) = d - 1. Let f(c) = 2*c**2 - 4*c + 7. Let j(m) = o*f(m) - 6*q(m). Give j(-1).
-1
Let v(d) = d**3 + 2*d**2 - 2*d + 4. Let c be 4/4*0/(-2). Let l(i) = -2*i**3 + 7*i + 7*i**2 + 4 + 1 + c + i**3. Let a be l(8). Determine v(a).
1
Let q = 133 - 125. Let y(c) = c**2 - 8*c - 6. Calculate y(q).
-6
Let f(w) = -w**2 - 10*w - 10. Let r = 76 - 84. Determine f(r).
6
Let x(u) = 5 - 2*u**3 + 8*u**2 - 2*u - 14*u**2 + u**2 + 3*u**3. Give x(5).
-5
Suppose 2*v = -4*v + 3*v. Let g(w) = -w**3 - 23. What is g(v)?
-23
Let w(c) = -2*c - 3*c**3 + 6*c**3 - 1 + 2*c**3 + 3*c**3. Calculate w(-1).
-7
Let x(s) = s - 1. Let m(y) = -3*y - 3. Let o be m(-4). Suppose 4*t + 0*p - 12 = -p, -5*p = 3*t - o. Suppose u = t*u. What is x(u)?
-1
Let c(w) = w - 3. Let a(i) = i**2 + 8*i + 6. Let y be a(-5). Let g(s) = s**2 - 3*s - 5. Let k be g(5). Let p = k + y. Give c(p).
-7
Let d(r) = 6*r - 2. Let n(p) = 10*p + 2*p - 4 - 1 + 1. Let v(a) = 7*d(a) - 3*n(a). What is v(2)?
10
Let m(q) be the third derivative of -q**4/24 - 2*q**3 + q**2. Determine m(-10).
-2
Let g(k) = -k**3 + 8*k**2 + 3. Let d = -25 + 33. What is g(d)?
3
Let y = 22 + -18. Let o(u) = -2*u + 5. Give o(y).
-3
Let o(g) be the first derivative of -g**2/2 - 3*g - 7. Let j be o(-4). Let c(x) = 4*x. Determine c(j).
4
Let l(y) = -13*y - 1. Let d be (-6)/(-4)*10/3. Let a(h) = 7*h + 1. Let c(z) = d*a(z) + 3*l(z). Calculate c(-2).
10
Let h be (-2 - 1)/(9/6). Let t(d) = -6*d**3 + d**2 - 7*d - 2. Let u(n) = -7*n**3 + 2*n**2 - 8*n - 2. Let y(c) = 6*t(c) - 5*u(c). Determine y(h).
-6
Let d(i) = -i**2 + 8*i - 7. Let n = 15 - 9. Let g be d(n). Let v(x) = -x**2 + 6*x. Determine v(g).
5
Let j(i) = i**3 + 4*i**2 - 2*i + 3. Let m be j(-4). Let h(t) = -6*t - m - 2 + t**2 + 7. What is h(6)?
-6
Let q be 4 + (-9)/(9/4). Let a(c) be the second derivative of q + 3*c + 1/12*c**4 - 2*c**2 - 5/6*c**3. Give a(5).
-4
Let p(x) = x - 2*x + 0*x - 7. Let k(z) = -2*z - 13. Let r(s) = -4*k(s) + 7*p(s). Let y be 2/(-9) + (-2)/(-9). What is r(y)?
3
Let p(y) be the second derivative of y**4/12 - y**3/6 - y**2 + y + 3. Give p(-2).
4
Let n(l) = -l**2 + 7*l - 5. Let t(s) = -s + 4. Let w be t(-3). Suppose 3*d - w - 32 = 0. Suppose d = 4*i - 7. What is n(i)?
5
Let t(s) be the first derivative of -s**4/4 + 5*s**3/3 - 3*s**2/2 + 18. Calculate t(2).
6
Let m(w) = -w**3 + 4*w**2 + 7*w - 5. Let r be (-5)/((-1)/3 + (-8)/12). Determine m(r).
5
Let x(m) be the third derivative of -m**6/120 + m**5/15 - m**4/6 + m**3 + m**2. Give x(4).
-10
Let b(j) = j - 5. Suppose -2*p + 5*g = -1 + 21, -3*p - 8 = -2*g. Determine b(p).
-5
Let n(r) be the second derivative of 1/6*r**3 - r + 0 + 1/2*r**2. Let h be (-2)/4*0/2. Give n(h).
1
Let z(a) = a**3 + 10*a**2 + 10*a + 7. Let m = -49 - -40. Give z(m).
-2
Let p(m) = 5 - 4 - m - 5. Give p(-3).
-1
Suppose -s - 16 = s. Let n be (2/4)/((-1)/s). Let q(b) = b**2 - 3*b + 4. Determine q(n).
8
Let c(g) = -g - 3 + g - 4*g - g**3 - 6*g**2. Suppose -4*p + 1 = -7, -4*f + 3*p - 14 = 0. Calculate c(f).
-11
Let s(x) be the third derivative of -x**4/24 + x**3/2 - 56*x**2. Calculate s(13).
-10
Let h(f) be the first derivative of -f**3/3 + 3*f**2/2 + 3*f - 1. Suppose -2*l - 6 = 3*v, -v + 5*v + 8 = -4*l. What is h(v)?
-7
Let s(j) = 2*j + 5. Let o be 10/14 + 12/42. Let k = o + -1. Suppose 12 = -k*l - 3*l. What is s(l)?
-3
Let f(m) = m**2 - 6*m + 5. Suppose -32 = -4*l + 20. Suppose 18*b - l*b = 20. Calculate f(b).
-3
Let r(w) be the second derivative of w**6/240 - w**5/20 - w**4/12 + 2*w. Let i(o) be the third derivative of r(o). Determine i(4).
6
Let j(x) = x**3 - 8*x**2 + 8*x - 9. Let h be (-74)/(-10) + 10/(-25). Calculate j(h).
-2
Let s(i) be the second derivative of -i**5/120 - i**4/8 + i**3/6 + 4*i. Let r(k) be the second derivative of s(k). Calculate r(-4).
1
Let x(d) = d**2 + 3*d - 5. Suppose 0 = -5*k + c + 2*c + 25, -k - 2*c + 18 = 0. Let z(a) = -a**3 + 9*a**2 - 9*a + 4. Let r be z(k). Calculate x(r).
-1
Let i(k) = 5*k**2 - 2*k - 1. Suppose -8 = -8*g + 16*g. Calculate i(g).
6
Let f(u) = 2*u**2 - 8*u + 2. Let b(m) = -2*m**2 + 7*m - 2. Let g(w) = 4*b(w) + 3*f(w). What is g(3)?
-8
Let g(n) = 2*n**3 - 3*n**2 + 2. Let m(z) = -z**2 + 11*z + 2. Suppose -4*h - 16 = 0, 0*j - j + 5*h + 26 = 0. Let y be 96/9 + 2/j. Let p be m(y). Determine g(p).
6
Let q(j) = 2*j**2 - 2*j - 2. Let a(t) = -t**3 - 5*t**2 - 2*t - 6. Let z be a(-5). Suppose f - 4*o = z*f - 14, -f + 3*o - 4 = 0. Determine q(f).
2
Let p(n) = -8*n - 2 - n + 4*n + 9*n. Let m = 2 - 0. What is p(m)?
6
Let i(d) = -5*d**2 - d**2 - 5*d + d + 7 + 0*d - d**3. Let l(z) = 2*z**2 + z + 1. Let q be l(-1). Let h be q/2